{"id":84,"date":"2012-06-04T17:55:27","date_gmt":"2012-06-04T20:55:27","guid":{"rendered":"http:\/\/www.plenatech.com.br\/?page_id=84"},"modified":"2012-10-22T00:53:37","modified_gmt":"2012-10-22T02:53:37","slug":"tecnologia","status":"publish","type":"page","link":"http:\/\/www.goaco.ind.br\/?page_id=84","title":{"rendered":"M\u00e1quinas"},"content":{"rendered":"<p>&nbsp;<\/p>\n<table width=\"876\" border=\"0\">\n<tbody>\n<tr>\n<td><a href=\"http:\/\/www.goaco.ind.br\/?page_id=499\" target=\"_blank\"><img loading=\"lazy\" decoding=\"async\" class=\"aligncenter size-full wp-image-652\" src=\"http:\/\/www.goaco.ind.br\/wp-content\/uploads\/2012\/10\/furadeiradebancada.jpg\" alt=\"\" width=\"200\" height=\"200\" \/><\/a><\/p>\n<p style=\"text-align: center;\"><strong>Furadeira de Bancada<\/strong><br \/>Quantidade: 1<\/p>\n<p>&nbsp;<\/p>\n<\/td>\n<td><a href=\"http:\/\/www.goaco.ind.br\/?page_id=496\" target=\"_blank\"><img loading=\"lazy\" decoding=\"async\" class=\"aligncenter size-full wp-image-652\" src=\"http:\/\/www.goaco.ind.br\/wp-content\/uploads\/2012\/10\/furadeirarosqueadeira.jpg\" alt=\"\" width=\"200\" height=\"200\" \/><\/a><\/p>\n<p style=\"text-align: center;\"><strong>Furadeira\/Rosqueadeira<\/strong><br \/>Quantidade: 2<\/p>\n<p>&nbsp;<\/p>\n<\/td>\n<td><a href=\"http:\/\/www.goaco.ind.br\/?page_id=493\" target=\"_blank\"><img loading=\"lazy\" decoding=\"async\" class=\"aligncenter size-full wp-image-652\" src=\"http:\/\/www.goaco.ind.br\/wp-content\/uploads\/2012\/10\/lixadeira.jpg\" alt=\"\" width=\"200\" height=\"200\" \/><\/a><\/p>\n<p style=\"text-align: center;\"><strong>Lixadeira<\/strong><br \/>Quantidade: 1<\/p>\n<p>&nbsp;<\/p>\n<\/td>\n<\/tr>\n<tr>\n<td><a href=\"http:\/\/www.goaco.ind.br\/?page_id=475\" target=\"_blank\"><img loading=\"lazy\" decoding=\"async\" class=\"aligncenter size-full wp-image-652\" src=\"http:\/\/www.goaco.ind.br\/wp-content\/uploads\/2012\/10\/logic500.jpg\" alt=\"\" width=\"200\" height=\"200\" \/><\/a><\/p>\n<p style=\"text-align: center;\"><strong>Logic 500<\/strong><br \/>Quantidade: 7<\/p>\n<p>&nbsp;<\/p>\n<\/td>\n<td><a href=\"http:\/\/www.goaco.ind.br\/?page_id=488\" target=\"_blank\"><img loading=\"lazy\" decoding=\"async\" class=\"aligncenter size-full wp-image-652\" src=\"http:\/\/www.goaco.ind.br\/wp-content\/uploads\/2012\/10\/retificacentrica.jpg\" alt=\"\" width=\"200\" height=\"200\" \/><\/a><\/p>\n<p style=\"text-align: center;\"><strong>Ret\u00edfica C\u00eantrica<\/strong><br \/>Quantidade: 1<\/p>\n<p>&nbsp;<\/p>\n<\/td>\n<td><a href=\"http:\/\/www.goaco.ind.br\/?page_id=502\" target=\"_blank\"><img loading=\"lazy\" decoding=\"async\" class=\"aligncenter size-full wp-image-652\" src=\"http:\/\/www.goaco.ind.br\/wp-content\/uploads\/2012\/10\/rosqueadeirapneumatica.jpg\" alt=\"\" width=\"200\" height=\"200\" \/><\/a><\/p>\n<p style=\"text-align: center;\"><strong>Rosqueadeira Pneum\u00e1tica<\/strong><br \/>Quantidade: 2<\/p>\n<p>&nbsp;<\/p>\n<\/td>\n<\/tr>\n<tr>\n<td><a href=\"http:\/\/www.goaco.ind.br\/?page_id=382\" target=\"_blank\"><img loading=\"lazy\" decoding=\"async\" class=\"aligncenter size-full wp-image-652\" src=\"http:\/\/www.goaco.ind.br\/wp-content\/uploads\/2012\/10\/skybull600.jpg\" alt=\"\" width=\"200\" height=\"200\" \/><\/a><\/p>\n<p style=\"text-align: center;\"><strong>Skybull 600<\/strong><br \/>Quantidade: 3<\/p>\n<p>&nbsp;<\/p>\n<\/td>\n<td><a href=\"http:\/\/www.goaco.ind.br\/?page_id=482\" target=\"_blank\"><img loading=\"lazy\" decoding=\"async\" class=\"aligncenter size-full wp-image-652\" src=\"http:\/\/www.goaco.ind.br\/wp-content\/uploads\/2012\/10\/tornomecanico.jpg\" alt=\"\" width=\"200\" height=\"200\" \/><\/a><\/p>\n<p style=\"text-align: center;\"><strong>Torno Mec\u00e2nico<\/strong><br \/>Quantidade: 1<\/p>\n<p>&nbsp;<\/p>\n<\/td>\n<td><a href=\"http:\/\/www.goaco.ind.br\/?page_id=468\" target=\"_blank\"><img loading=\"lazy\" decoding=\"async\" class=\"aligncenter size-full wp-image-652\" src=\"http:\/\/www.goaco.ind.br\/wp-content\/uploads\/2012\/10\/tridimensional.jpg\" alt=\"\" width=\"200\" height=\"200\" \/><\/a><\/p>\n<p style=\"text-align: center;\"><strong>Tridimensional<\/strong><br \/>Quantidade: 1<\/p>\n<p>&nbsp;<\/p>\n<\/td>\n<\/tr>\n<tr>\n<td><a href=\"http:\/\/www.goaco.ind.br\/?page_id=409\" target=\"_blank\"><img loading=\"lazy\" decoding=\"async\" class=\"aligncenter size-full wp-image-652\" src=\"http:\/\/www.goaco.ind.br\/wp-content\/uploads\/2012\/10\/vulcanicgold160.jpg\" alt=\"\" width=\"200\" height=\"200\" \/><\/a><\/p>\n<p style=\"text-align: center;\"><strong>Vulcanic Gold 160<\/strong><br \/>Quantidade: 2<\/p>\n<p>&nbsp;<\/p>\n<\/td>\n<td><a href=\"http:\/\/www.goaco.ind.br\/?page_id=449\" target=\"_blank\"><img loading=\"lazy\" decoding=\"async\" class=\"aligncenter size-full wp-image-652\" src=\"http:\/\/www.goaco.ind.br\/wp-content\/uploads\/2012\/10\/vulcanicgold300.jpg\" alt=\"\" width=\"200\" height=\"200\" \/><\/a><\/p>\n<p style=\"text-align: center;\"><strong>Vulcanic Gold 300<\/strong><br \/>Quantidade: 2<\/p>\n<p>&nbsp;<\/p>\n<\/td>\n<\/tr>\n<\/tbody>\n<\/table>\n","protected":false},"excerpt":{"rendered":"<p>&nbsp; Furadeira de BancadaQuantidade: 1 &nbsp; Furadeira\/RosqueadeiraQuantidade: 2 &nbsp; LixadeiraQuantidade: 1 &nbsp; Logic 500Quantidade: 7 &nbsp; Ret\u00edfica C\u00eantricaQuantidade: 1 &nbsp; Rosqueadeira Pneum\u00e1ticaQuantidade: 2 &nbsp; Skybull 600Quantidade: 3 &nbsp; Torno Mec\u00e2nicoQuantidade: 1 &nbsp; TridimensionalQuantidade: 1 &nbsp; Vulcanic Gold 160Quantidade: 2 &nbsp; Vulcanic Gold 300Quantidade: 2 &nbsp;<\/p>\n","protected":false},"author":1,"featured_media":0,"parent":0,"menu_order":3,"comment_status":"closed","ping_status":"closed","template":"page-template-portfolio.php","meta":{"footnotes":""},"_links":{"self":[{"href":"http:\/\/www.goaco.ind.br\/index.php?rest_route=\/wp\/v2\/pages\/84"}],"collection":[{"href":"http:\/\/www.goaco.ind.br\/index.php?rest_route=\/wp\/v2\/pages"}],"about":[{"href":"http:\/\/www.goaco.ind.br\/index.php?rest_route=\/wp\/v2\/types\/page"}],"author":[{"embeddable":true,"href":"http:\/\/www.goaco.ind.br\/index.php?rest_route=\/wp\/v2\/users\/1"}],"replies":[{"embeddable":true,"href":"http:\/\/www.goaco.ind.br\/index.php?rest_route=%2Fwp%2Fv2%2Fcomments&post=84"}],"version-history":[{"count":23,"href":"http:\/\/www.goaco.ind.br\/index.php?rest_route=\/wp\/v2\/pages\/84\/revisions"}],"predecessor-version":[{"id":625,"href":"http:\/\/www.goaco.ind.br\/index.php?rest_route=\/wp\/v2\/pages\/84\/revisions\/625"}],"wp:attachment":[{"href":"http:\/\/www.goaco.ind.br\/index.php?rest_route=%2Fwp%2Fv2%2Fmedia&parent=84"}],"curies":[{"name":"wp","href":"https:\/\/api.w.org\/{rel}","templated":true}]}}